26
Calculate the greatest common factor of 45 and 60.
15
What is the highest common factor of 77 and 133?
7
What is the highest common factor of 66 and 231?
33
Calculate the greatest common factor of 233 and 12349.
233
What is the highest common factor of 4 and 928?
4
What is the greatest common divisor of 4963 and 14?
7
What is the highest common divisor of 406 and 112?
14
Calculate the highest common factor of 144 and 126.
18
Calculate the greatest common divisor of 384 and 24.
24
Calculate the highest common divisor of 3890 and 10.
10
Calculate the greatest common divisor of 3277 and 29.
29
Calculate the highest common factor of 4699 and 148.
37
What is the highest common divisor of 10 and 130?
10
Calculate the highest common divisor of 2013 and 549.
183
Calculate the greatest common divisor of 824 and 152.
8
Calculate the highest common divisor of 150 and 20.
10
Calculate the greatest common divisor of 462 and 4004.
154
What is the highest common factor of 820 and 1000?
20
Calculate the greatest common factor of 165 and 34815.
165
What is the highest common divisor of 52 and 7852?
52
What is the greatest common factor of 135 and 315?
45
Calculate the greatest common factor of 212 and 53.
53
Calculate the greatest common divisor of 62 and 62.
62
What is the highest common divisor of 15 and 9?
3
What is the greatest common divisor of 27 and 135?
27
What is the greatest common divisor of 1 and 3?
1
Calculate the greatest common factor of 252 and 9744.
84
What is the greatest common factor of 240 and 752?
16
What is the greatest common divisor of 432 and 16?
16
Calculate the greatest common factor of 4518 and 9.
9
What is the greatest common factor of 14 and 130?
2
Calculate the highest common divisor of 81 and 1107.
27
Calculate the greatest common divisor of 1152 and 6.
6
What is the greatest common factor of 450 and 100?
50
What is the greatest common divisor of 6 and 354?
6
Calculate the highest common divisor of 224 and 64.
32
What is the highest common factor of 79 and 1343?
79
Calculate the highest common divisor of 92 and 368.
92
Calculate the greatest common divisor of 627 and 957.
33
What is the greatest common divisor of 5 and 23915?
5
Calculate the highest common factor of 105 and 20685.
105
Calculate the highest common factor of 456 and 285.
57
What is the greatest common factor of 104 and 8788?
52
What is the greatest common divisor of 8295 and 210?
105
Calculate the greatest common factor of 204 and 24.
12
Calculate the highest common divisor of 2025 and 25.
25
What is the highest common factor of 31 and 1922?
31
Calculate the highest common divisor of 48 and 1616.
16
What is the greatest common factor of 319 and 11?
11
What is the greatest common divisor of 627 and 114?
57
What is the greatest common divisor of 24 and 2328?
24
What is the greatest common divisor of 39 and 8346?
39
Calculate the greatest common factor of 184 and 2898.
46
What is the greatest common divisor of 40 and 140?
20
Calculate the greatest common factor of 369 and 153.
9
Calculate the greatest common factor of 13220 and 60.
20
Calculate the highest common factor of 4025 and 75.
25
Calculate the highest common divisor of 21 and 21.
21
What is the highest common factor of 2704 and 78?
26
What is the greatest common factor of 275 and 1595?
55
What is the greatest common factor of 55 and 31790?
55
Calculate the greatest common divisor of 7325 and 25.
25
What is the highest common divisor of 252 and 224?
28
What is the highest common divisor of 1 and 2?
1
Calculate the greatest common factor of 94 and 3478.
94
What is the highest common factor of 180 and 180?
180
What is the greatest common factor of 37 and 592?
37
What is the greatest common factor of 79 and 869?
79
Calculate the highest common divisor of 480 and 2720.
160
What is the highest common divisor of 6 and 726?
6
Calculate the highest common factor of 1258 and 2074.
34
Calculate the highest common factor of 816 and 48.
48
What is the greatest common factor of 32 and 668?
4
What is the greatest common factor of 6063 and 1269?
141
What is the highest common divisor of 36 and 576?
36
What is the highest common divisor of 6320 and 32?
16
What is the greatest common divisor of 12 and 972?
12
Calculate the highest common factor of 1917 and 9.
9
What is the greatest common divisor of 51 and 3927?
51
What is the highest common factor of 10508 and 444?
148
Calculate the greatest common factor of 78 and 234.
78
What is the greatest common divisor of 4797 and 351?
117
Calculate the greatest common factor of 1632 and 34.
34
Calculate the highest common divisor of 1875 and 480.
15
Calculate the greatest common divisor of 285 and 57.
57
What is the greatest common factor of 28 and 154?
14
What is the highest common divisor of 88 and 2552?
88
What is the highest common divisor of 704 and 1804?
44
Calculate the highest common divisor of 3770 and 10.
10
What is the highest common divisor of 644 and 21?
7
Calculate the highest common divisor of 140 and 19180.
140
What is the highest common factor of 297 and 351?
27
Calculate the greatest common divisor of 3608 and 4.
4
What is the greatest common divisor of 968 and 3256?
88
What is the greatest common divisor of 54 and 216?
54
Calculate the greatest common factor of 915 and 45.
15
Calculate the greatest common factor of 4185 and 27.
27
What is the greatest common factor of 36 and 72?
36
What is the highest common factor of 600 and 120?
120
What is the greatest common divisor of 130 and 845?
65
What is the highest common divisor of 50 and 80?
10
What is the highest common factor of 73 and 3577?
73
Calculate the highest common factor of 430 and 90.
10
Calculate the greatest common factor of 26 and 325.
13
What is the greatest common factor of 225 and 570?
15
What is the highest common factor of 9 and 522?
9
What is the highest common divisor of 2394 and 14?
14
What is the highest common divisor of 20 and 1220?
20
Calculate the greatest common divisor of 2208 and 240.
48
What is the highest common factor of 580 and 87?
29
What is the highest common factor of 970 and 10?
10
What is the greatest common factor of 11 and 1001?
11
What is the greatest common divisor of 2 and 1174?
2
Calculate the highest common factor of 9847 and 43.
43
Calculate the highest common divisor of 2 and 16.
2
Calculate the highest common factor of 51 and 68.
17
What is the greatest common factor of 76 and 1520?
76
Calculate the highest common divisor of 760 and 304.
152
What is the greatest common factor of 150 and 975?
75
Calculate the greatest common divisor of 75 and 1075.
25
Calculate the greatest common factor of 1950 and 156.
78
What is the greatest common factor of 370 and 962?
74
What is the highest common factor of 32685 and 15?
15
What is the greatest common factor of 55 and 231?
11
Calculate the highest common divisor of 52 and 13364.
52
Calculate the highest common factor of 390 and 3354.
78
Calculate the greatest common divisor of 1625 and 13.
13
What is the greatest common divisor of 10 and 115?
5
Calculate the greatest common factor of 115 and 135.
5
What is the greatest common factor of 25 and 20?
5
Calculate the highest common divisor of 902 and 110.
22
What is the greatest common factor of 119 and 1496?
17
Calculate the highest common factor of 5439 and 629.
37
What is the highest common factor of 14 and 2114?
14
Calculate the greatest common divisor of 63 and 6.
3
Calculate the highest common factor of 1192 and 32.
8
What is the greatest common divisor of 47 and 329?
47
Calculate the highest common divisor of 820 and 20.
20
What is the highest common factor of 44 and 11?
11
What is the greatest common divisor of 5201 and 14?
7
Calculate the highest common divisor of 3745 and 214.
107
Calculate the greatest common divisor of 125 and 2000.
125
Calculate the highest common divisor of 1305 and 87.
87
Calculate the greatest common divisor of 1118 and 516.
86
Calculate the highest common divisor of 66 and 20526.
66
Calculate the greatest common divisor of 28 and 581.
7
Calculate the greatest common divisor of 1184 and 666.
74
What is the highest common factor of 2478 and 84?
42
What is the greatest common factor of 128 and 1328?
16
Calculate the greatest common factor of 817 and